se -2*r - 10 = 3*t, 0*t + 4*r = w*t - 20. Give b(t).
1
Let l(j) = 2*j**2 - 3*j - 1. Let v(p) be the second derivative of -p**4/4 + p**3/2 + p**2/2 + 25*p. Let g(f) = 4*l(f) + 3*v(f). Calculate g(-3).
-1
Let m(a) = -a**3 - 30*a**2 + 99*a + 9. Let z be m(-33). Let j(f) = 4*f - 6 - 5*f + 18. Determine j(z).
3
Let m = -3 - -5. Let c = m + 0. Let q(g) be the first derivative of g**4/2 - g**3/3 - g**2/2 - 2*g - 289. What is q(c)?
8
Let t be 3 + 1*(-1 - 9). Let a(g) = -395379 + 395379 + g. Give a(t).
-7
Let u(n) = -n**2 - 5*n - 2. Let w(z) = z**2 + 12*z - 3. Let o be w(-13). Let l be (-15)/o*4/(-6). Let k be (-6 - l) + 3 - -1. Determine u(k).
4
Let o(k) be the first derivative of -k**2/2 + k - 220. Determine o(-7).
8
Let h(v) = -3*v + 5. Let s = 33 - 29. Suppose 19*l - 18*l = s. Give h(l).
-7
Let k = 371 - 377. Let w(l) be the first derivative of -2*l**2 - 8*l - 3. Calculate w(k).
16
Suppose -u + 4*u = -4*h - 25, -5*h + 85 = -4*u. Let x = -4 - u. Let t(z) = -x - 12 + z - z**2 + 12. Give t(0).
-11
Suppose 24*d - 53 = -5. Let c(v) = v**3 - v**2. Let t(g) = 7*g**3 - 5*g**2 - 3*g + 1. Let j(w) = 5*c(w) - t(w). Determine j(d).
-11
Let a = 0 - -5. Let i = -7 - -9. Let g(d) = i + 1 - d + 0 + 0. What is g(a)?
-2
Suppose 3*l - 4*l = -1. Let r(s) be the third derivative of -s**4/8 + 54*s**2 + 4. Determine r(l).
-3
Let d(j) = -2*j - 29. Suppose -a - 14 = 2*c, -2*a = 4*c - 5*c + 28. What is d(a)?
-1
Let i(a) be the first derivative of a**4/4 + 2*a**3 + 2*a**2 - 4*a - 2. What is i(-4)?
12
Suppose -14*u - 976 = -6*u. Let r = -123 - u. Let t(l) = -2*l**2 + l. What is t(r)?
-3
Let m = -6 - -13. Let h(l) = 5 - 12*l**3 + 3 + 29*l**3 + 45*l**2 + 6*l - 39*l**2 - 18*l**3. What is h(m)?
1
Let t(p) = -3*p + 4*p - 2*p - 5. Suppose -4*q = -248 - 260. Let l = -123 + q. Calculate t(l).
-9
Let t(f) be the third derivative of f**8/6720 - f**7/420 + f**6/144 + f**5/24 - 13*f**4/12 + 18*f**2. Let a(g) be the second derivative of t(g). Determine a(5).
5
Let p(y) = -2*y - 3. Let a be p(-2). Let b(k) = k + 4. Let t(s) = 2*s + 5. Let v(f) = 6*b(f) - 5*t(f). Calculate v(a).
-5
Suppose -6*v - 80 = 10*v. Let f(b) = b**3 + 5*b**2 - b + 2. Determine f(v).
7
Let t(r) be the second derivative of 5*r + 0 + 1/2*r**3 - 1/12*r**4 - 3/2*r**2 + 1/20*r**5. Calculate t(2).
7
Let r(n) = n**2 - 10*n + 5. Let j(q) = 4*q - 2. Let o(f) = -5*j(f) - 2*r(f). Give o(-4).
-32
Let b(q) be the first derivative of -q**4/4 - q**3 + 3*q**2/2 + 6*q + 2. Suppose -12*g + 20 = -2*g, 4*o - 3*g = -22. Determine b(o).
10
Let u = 5 - 0. Suppose 4 = u*h - 6*h - 2*r, 5*h - 8 = -3*r. Suppose -n - h*v = -0*n - 9, 5*v - 12 = -n. Let z(l) = l + 2. Calculate z(n).
-1
Let f(o) = o + 5. Let k be f(-6). Let p(s) be the third derivative of 7*s**2 + 1/24*s**4 + 0*s + 1/6*s**3 + 0. What is p(k)?
0
Let d(k) = 7*k + 4. Let u(q) be the third derivative of -q**4/4 - q**3/2 + 2*q**2. Let t(b) = 4*d(b) + 5*u(b). Suppose -20*l - 8 = -18*l. Determine t(l).
9
Let h(g) = -5*g**2 + 3 - 1 + 3*g**2 - 104*g + 99*g. What is h(-4)?
-10
Let c(l) = -l + 7. Suppose -7*w - 65 = -12*w. Calculate c(w).
-6
Let u(y) = y**3 - y**2 + 2*y - 2. Let z be u(2). Let o(x) = z*x - 1 - 7*x + 2. Determine o(2).
-1
Let y(z) be the first derivative of z**2 + 4*z + 566. Let b(g) = -g**2 - 3*g + 5. Let x be b(-5). Determine y(x).
-6
Let n(d) = d**2 - 5*d - 1. Let v(l) = 6*l**2 - 24*l - 5. Let b be 1 + (-1*3 - (-9 - -9)). Let w(p) = b*v(p) + 11*n(p). Calculate w(-5).
9
Let y be (-20)/10*(0 + -1). Suppose 0 = k - y, 0 = -3*c - c - 3*k + 14. Suppose c*o = -2*o. Let x(q) = q - 3. Calculate x(o).
-3
Suppose 0 = -7*h + 10*h - 12. Suppose -4*f = 4*b - 7*f + 13, 0 = 4*f + h. Let l(c) = -3*c + 12. Let g(z) = -z + 6. Let u(y) = -9*g(y) + 4*l(y). Calculate u(b).
6
Let p(l) = 2 + 17*l + 15*l + 1 - 30*l. Suppose 0 = -0*u + 2*u + 8. What is p(u)?
-5
Let b(n) = 9*n - 2. Suppose 0 = -29*p - 3 + 61. Give b(p).
16
Let h(l) = l**2 - 3*l + 2. Let y(s) = -11*s + 144. Let u be y(13). Calculate h(u).
0
Let z = 1 - -8. Let o be z/3 - 0/2. Suppose 4*k = h + 22, h = -o*k - k + 18. Let y(x) = 3*x + 2. What is y(h)?
-4
Let w(o) be the third derivative of -o**5/60 + o**4/12 + o**3/6 - o**2 + 5*o. Calculate w(-2).
-7
Suppose 3*h - 3 = 2*z, -3*h = 5*z - 6*h + 30. Let u(j) = 2*j**2 - 61*j + 22. Let s(g) = -g**2 + 35*g - 11. Let t(q) = 9*s(q) + 5*u(q). Determine t(z).
2
Let g(w) = w**3 - 2*w**2 + w + 5. Suppose 48*d + 4 = 49*d. Let m(f) = 2*f**3 - 3*f**2 + f + 9. Let i(j) = d*m(j) - 7*g(j). Determine i(-3).
1
Suppose -4*o - 2 = -3*o. Let c = -3 + o. Let h = 9 + c. Let q(g) = -g**3 + 4*g**2 + 2*g - 4. Determine q(h).
4
Let s(m) be the third derivative of -m**5/60 - m**4/8 + m**3/2 + 19*m**2 - 1. What is s(-4)?
-1
Let m(p) = 1204 - 604 - 612 - p**2 + 10*p. What is m(9)?
-3
Let y = 2 + 6. Let q(l) = -2*l**2 + 2 + l**2 - 24219*l - 4 + 24227*l. Give q(y).
-2
Let o(q) = q**3 + 13*q**2 + 11*q - 14. Suppose 57 = -4*i + 3*d, 4*i - i - 3*d = -45. Calculate o(i).
-2
Let a(q) = 2*q + 11. Let t(p) = 3*p + 21. Let u(z) = 5*a(z) - 3*t(z). Let v(y) = -2*y + 1. Let l be v(-2). Let r be (16/l - 2)*-5. Determine u(r).
-14
Let h(u) = -u**3 + u**2 + 6*u + 4. Let b be h(3). Let n(s) = -2*s + 4. Calculate n(b).
-4
Let l(y) = y**3 + y**2 - 4*y - 3. Let n = 13 + -10. Suppose 0 = 4*m - 4*d + 32, m + n*d - 17 = -5. Give l(m).
-9
Let d(i) be the second derivative of i**3/6 + 11*i**2/2 - 2*i + 36. What is d(-9)?
2
Suppose 5*a - 9*a + 152 = 0. Let l = 40 - a. Let v(z) = 0*z**l + 0 - z**2 + 5 + 307*z - 308*z. Determine v(0).
5
Let c be (-1)/((-5 + 3)*(-1)/(-2)). Suppose -6*y + c = -11. Let a(i) = 4*i**2 - 2*i. Give a(y).
12
Let a = 7 + -4. Let p(c) = -12*c + 15. Let f(b) = 3*b - 2. Let r(k) = 4*k - 3. Let u(n) = -7*f(n) + 6*r(n). Let d(t) = -4*p(t) - 15*u(t). What is d(a)?
9
Let n(k) be the second derivative of -k**4/12 - k**3 - k**2/2 - 5*k. Let z = -49 + 43. Determine n(z).
-1
Let p = -1 - -7. Suppose -p*u + 8 = -8*u. Let f(a) = -a + 1. Determine f(u).
5
Let t(k) = -k**2 + 5*k - 4*k - 15 + 0*k. Suppose 34*d + 8 = 8. Give t(d).
-15
Let m(p) = -4*p**2 - 1081 - p + 1085 + 0*p. Give m(-3).
-29
Suppose 0 = 108*c - 104*c + 28. Let h(w) = -w**2 - 8*w - 12. Determine h(c).
-5
Let m be -2 + 3 + 3/1. Let a(c) be the second derivative of -1/2*c**2 + 1/12*c**4 + 0 - 1/3*c**3 + 15*c. What is a(m)?
7
Let r(o) = o**3 - 10*o**2 + 17*o - 4. Suppose -8 = -9*j + 8*j. Give r(j).
4
Let n(p) = p**2 + 5*p + 6. Suppose i - 12 = 4*q - i, 5*q = 3*i - 14. Let m be n(q). Let t(v) = -2 + v + 2*v**2 - 5*v**m + 2*v**2. Give t(2).
-4
Let i = 5 + -3. Let d(k) = -29*k + 7. Let y(h) = -14*h + 3. Let c(q) = i*d(q) - 5*y(q). Calculate c(1).
11
Let m(x) be the second derivative of -x**6/80 - 5*x**4/4 - 17*x. Let q(s) be the third derivative of m(s). Let w = 1 - 2. What is q(w)?
9
Let w(n) = -n**2 + 2*n - 6. Let l be w(0). Let k be (l/12)/(2/(-12)). Let j(c) = -c**2 + 6*c**2 + 0*c**3 + 2*c**3 - k*c**3 - 5. What is j(4)?
11
Let i(w) = 4*w + 2 - w + 0*w - 2*w. Let t(j) = -1. Let c(l) = l**3 + 2*l**2 - 4*l + 2. Let p be c(0). Let s(o) = p*i(o) + 3*t(o). Give s(-3).
-5
Let f(m) = -m - 3. Suppose -6*g + g + 20 = 0. Let s(x) = g*x**2 + 0*x**3 - x**3 - x**2 - x**2. Let t be s(2). What is f(t)?
-3
Let u(w) = -w**2 + w + 4. Let x(q) = -2*q + 3. Suppose 8*i - 9*i = -4. Suppose -3 = a, -i*t + 2 = -2*a - 4. Let l be x(t). Give u(l).
-2
Let m(j) = 2*j**2 + 9*j - 1. Let g be m(-4). Let t(w) = -w**3 - 7*w**2 - 8*w - 3. What is t(g)?
-13
Let l(m) = m**3 - 4*m**2 - 2*m + 7. Let h(w) be the third derivative of -w**6/120 + w**5/5 + 5*w**3/6 + 9*w**2. Let s be h(12). Give l(s).
22
Let m(l) = -l + 2. Let d(x) = -3*x**2 + 74*x - 46. Let h be d(24). What is m(h)?
0
Let r(h) be the third derivative of -h**6/360 - 5*h**4/12 - h**3/3 - 7*h**2 - 3*h. Let x(k) be the second derivative of r(k). Determine x(1).
-2
Suppose 0 = 17*p - 18*p. Suppose 3*b = -p*b - 9. Let y be (-2 - b)*(8 - 4). Let o(s) = -s**3 + 4*s**2 - 2*s. What is o(y)?
-8
Let a = 111 - 119. Let g be (a/(-14))/(10/35). Let k(x) = -2*x**3 + 1 + 0*x - x + 3*x. What is k(g)?
-11
Let f(n) = -n + 4. Let g(d) = 3*d**2 - 7*d + 8. Let a be g(4). Let k be 6/21 + 132/a. Let i be 2*5/(k/2). Determine f(i).
0
Let n(w) = -6*w**2 + 18 + 21 + 0*w**2 - w**3 - 37 - 2*w. Determine n(-5).
-13
Let i(m) = -m**3 - 7*m**2 + 9*m + 10. Suppose -x - 7 = -3*